72
In base 4, what is -1120001110 - -2?
-1120001102
In base 12, what is 4 + 23602?
23606
In base 5, what is -1234 - 1022?
-2311
In base 5, what is 21102001 + -3?
21101443
In base 10, what is -99 + 19420?
19321
In base 16, what is 6 - 170a?
-1704
In base 9, what is 26 + 326?
353
In base 2, what is 110100 - 100010100010?
-100001101110
In base 12, what is 2 + 38bb0?
38bb2
In base 9, what is 2 + -156240?
-156237
In base 8, what is 5 - -115463?
115470
In base 12, what is -b - b32?
-b41
In base 10, what is -23 + 368452?
368429
In base 4, what is -10 - 12112132?
-12112202
In base 3, what is -212202202 + -1?
-212202210
In base 16, what is -4 - 6712?
-6716
In base 14, what is 88bc0 - -1?
88bc1
In base 16, what is -ad + -143?
-1f0
In base 5, what is 1 + 12320014?
12320020
In base 4, what is 13012 + -1311?
11101
In base 15, what is -1b - 2d00?
-2d1b
In base 4, what is 21 + 1213100222?
1213100303
In base 14, what is -bd7d5 - -1?
-bd7d4
In base 16, what is -1c3 + 47?
-17c
In base 7, what is 300531 + 12?
300543
In base 2, what is -100010110 - -111001001111?
110100111001
In base 15, what is -7c073 - 3?
-7c076
In base 2, what is 11001101 + 1110010?
100111111
In base 8, what is 442331 + -4?
442325
In base 2, what is 1111000 + -10000111001111?
-10000101010111
In base 2, what is -110 - 10011000100?
-10011001010
In base 9, what is -22 + -17253?
-17275
In base 13, what is 146 - 16a?
-24
In base 12, what is 153 - -b?
162
In base 3, what is 10 - -101210012022?
101210012102
In base 4, what is -1 + 300012?
300011
In base 13, what is 22 + 8cb6?
9008
In base 4, what is -322303003 + 2?
-322303001
In base 15, what is -12 + -1c13?
-1c25
In base 13, what is 1397 - cc?
1298
In base 4, what is 20 - -20233312?
20233332
In base 14, what is ca00 - 9?
c9d5
In base 9, what is -511 + -170?
-681
In base 13, what is -1064 + 50?
-1014
In base 7, what is 40501 - 150?
40321
In base 15, what is 0 + -50beb?
-50beb
In base 11, what is -17 - 14a23?
-14a3a
In base 11, what is 44 + -2341?
-22a8
In base 11, what is -88367 + -11?
-88378
In base 2, what is -10 - 1100001101001101101?
-1100001101001101111
In base 9, what is -4 - -687728?
687724
In base 3, what is 11110110 + -1102?
11102001
In base 9, what is -1503484 - -11?
-1503473
In base 12, what is 553 + 14?
567
In base 8, what is 320146 - 1?
320145
In base 6, what is 32 - -41331?
41403
In base 2, what is -101 - 10001101111100?
-10001110000001
In base 13, what is -383 - 25?
-3a8
In base 9, what is -4 + -216673?
-216677
In base 14, what is -b03 - 4?
-b07
In base 10, what is 29564 + -4?
29560
In base 3, what is 210002101 + 2?
210002110
In base 5, what is 1013 - 2222?
-1204
In base 6, what is -5 - -23331022?
23331013
In base 2, what is 1100100110 - -1000000?
1101100110
In base 14, what is 1b942 - 2?
1b940
In base 16, what is -706 + 47?
-6bf
In base 16, what is -dd - 23?
-100
In base 8, what is -52 + 1570?
1516
In base 16, what is 0 - -1393?
1393
In base 7, what is 54 - -2310?
2364
In base 7, what is -22 - -41234?
41212
In base 7, what is -441 - -13362?
12621
In base 9, what is 166141 - 3?
166137
In base 15, what is -6d89d + 0?
-6d89d
In base 2, what is 1010010 + -1011111001?
-1010100111
In base 16, what is -24 + 333?
30f
In base 14, what is -5b - 110?
-16b
In base 8, what is -7 + -1337?
-1346
In base 9, what is 32 - 447?
-415
In base 8, what is -4776 - -242?
-4534
In base 9, what is 263 - 86?
166
In base 9, what is -1685242 - -2?
-1685240
In base 10, what is 666 + 1146?
1812
In base 8, what is 2 + 1042506?
1042510
In base 15, what is -1 + -6294?
-6295
In base 5, what is -2323 - -3?
-2320
In base 4, what is 32102 - -221?
32323
In base 8, what is 32403 - -2?
32405
In base 4, what is 22013 + -3122?
12231
In base 14, what is 421d - -4?
4223
In base 5, what is 210122 - 13?
210104
In base 15, what is 39926 + -21?
39905
In base 2, what is 11010011110111011000 - -100?
11010011110111011100
In base 13, what is -5c11 + 19?
-5bc5
In base 12, what is -17a3 + -7?
-17aa
In base 9, what is 81 + -1086?
-1005
In base 9, what is -30 + 41434?
41404
In base 15, what is -50c + b?
-501
In base 15, what is -33ad2 - -4?
-33acd
In base 15, what is 243 - 122?
121
In base 4, what is 10333 + 131?
11130
In base 7, what is -522 + -1042?
-1564
In base 13, what is -7c7 - 78?
-872
In base 15, what is -1cd9 - c?
-1ce6
In base 11, what is -12 - -707?
6a5
In base 3, what is -1111 + -10000?
-11111
In base 7, what is 5236 - 135?
5101
In base 2, what is 101 - -1011110011111111110?
1011110100000000011
In base 12, what is -4 - 17a5b?
-17a63
In base 4, what is -20130310 + 1?
-20130303
In base 8, what is 14456 + 43?
14521
In base 12, what is 5a9 - -172?
75b
In base 9, what is -1250 + -31?
-1281
In base 5, what is 14211 - 10?
14201
In base 10, what is 3 + -455819?
-455816
In base 6, what is -5 - -435012?
435003
In base 8, what is -2436 - -1107?
-1327
In base 16, what is -3b + 87?
4c
In base 12, what is 3 + -37724?
-37721
In base 14, what is 8 - -8dcb?
8dd5
In base 6, what is -5433135 + 5?
-5433130
In base 6, what is 144 + -131112?
-130524
In base 15, what is 3 + -31a5d?
-31a5a
In base 16, what is 2 + 1847a?
1847c
In base 13, what is -40b - 162b?
-1a39
In base 16, what is -4947 - -13?
-4934
In base 12, what is 4 - 149b?
-1497
In base 10, what is -12791 + -5?
-12796
In base 13, what is 0 + -31a46?
-31a46
In base 4, what is -103123 + -303332?
-1013121
In base 15, what is c5d06 + -2?
c5d04
In base 2, what is 100001001001000 + -1110?
100001000111010
In base 4, what is 11323 + 1112?
13101
In base 2, what is 100010011000101101 - -1?
100010011000101110
In base 10, what is 3497 - -16?
3513
In base 15, what is -e + 1b10?
1b01
In base 4, what is 2 - 11003211?
-11003203
In base 6, what is -2135425 - 31?
-2135500
In base 3, what is 1020101 - -2222?
1100100
In base 3, what is 111022001 - 12?
111021212
In base 12, what is 66 - 96?
-30
In base 13, what is 12 - 47?
-35
In base 9, what is 3 - -74217?
74221
In base 10, what is -2 - 59401?
-59403
In base 5, what is -114114 - -2431?
-111133
In base 14, what is a2 + 1a0?
262
In base 3, what is -1000 + 211010?
210010
In base 9, what is 16 - 7335?
-7318
In base 7, what is 2655 - -3?
2661
In base 14, what is ba90 + 3?
ba93
In base 10, what is 4812 + 501?
5313
In base 15, what is -65 + 554?
4de
In base 7, what is -5 + -5061?
-5066
In base 12, what is 2b845 + -6?
2b83b
In base 10, what is -168 - -688?
520
In base 9, what is 84147 - -1?
84148
In base 6, what is -320115 - 0?
-320115
In base 10, what is 0 - -4942?
4942
In base 6, what is -2252002 + -10?
-2252012
In base 9, what is -26156085 - 5?
-26156101
In base 11, what is -6858 + 6?
-6852
In base 15, what is 1cc6be - -2?
1cc6c1
In base 11, what is -2308 + -18?
-2325
In base 2, what is 1111000100 + -10?
1111000010
In base 10, what is -18524 - -1?
-18523
In base 12, what is 1bba9 + 4?
1bbb1
In base 15, what is -2 - c21d?
-c220
In base 16, what is -14e8 - 19?
-1501
In base 15, what is 5 - -2976?
297b
In base 13, what is -b3942 + -1?
-b3943
In base 4, what is -13113221 + 10?
-13113211
In base 10, what is -6069 - 55?
-6124
In base 14, what is -90 - -3b?
-53
In base 3, what is -11 - -1010002212?
1010002201
In base 3, what is -11121 - -1020?
-10101
In base 11, what is 180 + 69?
239
In base 15, what is 3 - -1a4bb?
1a4be
In base 10, what is 434 + 143?
577
In base 13, what is -1aa428 - -4?
-1aa424
In base 9, what is -1187333 + 4?
-1187328
In base 12, what is -4340 + 32?
-430a
In base 8, what is 0 + 20120?
20120
In base 4, what is 3 - 3030010121?
-3030010112
In base 2, what is 1000000010110000 + -1?
1000000010101111
In base 14, what is -a + 7029?
701d
In base 9, what is -3124 + 30?
-3084
In base 7, what is -4 - -334112?
334105
In base 10, what is -5 + 218876?
218871
In base 15, what is 1 - -13760?
13761
In base 7, what is -6246 + -1111?
-10360
In base 12, what is -117 - -291?
176
In base 12, what is 112 + 4?
116
In base 7, what is -10232 + -146?
-10411
In base 12, what is 48 - 11b30?
-11aa4
In base 16, what is -1 - 14847?
-14848
In base 2, what is -1010100 + -1000000010?
-1001010110
In base 11, what is -3 - 54430?
-54433
In base 11, what is -47 + 205?
169
In base 4, what is -10 - -101002003?
101001333
In base 12, what is -8ba33 + -13?
-8ba46
In base 11, what is 5 + -4a10?
-4a06
In base 2, what is -1001000010 - 100001?
-100